when 118 is divided by 10?
8
What is the remainder when 2974 is divided by 2964?
10
Calculate the remainder when 3569 is divided by 10.
9
Calculate the remainder when 6921 is divided by 21.
12
What is the remainder when 4049 is divided by 54?
53
What is the remainder when 640 is divided by 628?
12
Calculate the remainder when 158 is divided by 35.
18
Calculate the remainder when 196 is divided by 11.
9
What is the remainder when 717 is divided by 90?
87
What is the remainder when 2020 is divided by 673?
1
What is the remainder when 71 is divided by 21?
8
What is the remainder when 3985 is divided by 33?
25
Calculate the remainder when 3956 is divided by 1317.
5
Calculate the remainder when 137 is divided by 69.
68
What is the remainder when 389 is divided by 72?
29
Calculate the remainder when 1797 is divided by 3.
0
Calculate the remainder when 95 is divided by 57.
38
Calculate the remainder when 1158 is divided by 271.
74
Calculate the remainder when 87 is divided by 11.
10
What is the remainder when 112 is divided by 52?
8
Calculate the remainder when 1581 is divided by 55.
41
Calculate the remainder when 953 is divided by 53.
52
What is the remainder when 6522 is divided by 15?
12
What is the remainder when 78 is divided by 20?
18
What is the remainder when 557 is divided by 299?
258
What is the remainder when 172 is divided by 46?
34
What is the remainder when 930 is divided by 135?
120
Calculate the remainder when 10414 is divided by 14.
12
Calculate the remainder when 23 is divided by 9.
5
What is the remainder when 246 is divided by 47?
11
Calculate the remainder when 2093 is divided by 123.
2
What is the remainder when 348 is divided by 51?
42
Calculate the remainder when 2827 is divided by 7.
6
What is the remainder when 166 is divided by 6?
4
What is the remainder when 780 is divided by 87?
84
Calculate the remainder when 326 is divided by 196.
130
What is the remainder when 223 is divided by 69?
16
What is the remainder when 578 is divided by 305?
273
Calculate the remainder when 1879 is divided by 19.
17
Calculate the remainder when 571 is divided by 2.
1
Calculate the remainder when 432 is divided by 42.
12
Calculate the remainder when 2079 is divided by 8.
7
What is the remainder when 360 is divided by 113?
21
What is the remainder when 1159 is divided by 233?
227
Calculate the remainder when 67 is divided by 57.
10
What is the remainder when 560 is divided by 51?
50
Calculate the remainder when 163 is divided by 70.
23
Calculate the remainder when 580 is divided by 22.
8
Calculate the remainder when 289 is divided by 93.
10
What is the remainder when 1410 is divided by 1381?
29
Calculate the remainder when 37 is divided by 19.
18
Calculate the remainder when 937 is divided by 25.
12
Calculate the remainder when 212 is divided by 40.
12
Calculate the remainder when 663 is divided by 16.
7
Calculate the remainder when 499 is divided by 435.
64
Calculate the remainder when 53 is divided by 14.
11
Calculate the remainder when 2811 is divided by 76.
75
What is the remainder when 1738 is divided by 248?
2
What is the remainder when 19319 is divided by 280?
279
Calculate the remainder when 239 is divided by 61.
56
Calculate the remainder when 112 is divided by 51.
10
Calculate the remainder when 876 is divided by 72.
12
What is the remainder when 7064 is divided by 15?
14
What is the remainder when 408 is divided by 26?
18
Calculate the remainder when 54 is divided by 15.
9
Calculate the remainder when 519 is divided by 58.
55
What is the remainder when 68 is divided by 46?
22
Calculate the remainder when 791 is divided by 18.
17
Calculate the remainder when 65 is divided by 46.
19
Calculate the remainder when 148 is divided by 76.
72
Calculate the remainder when 670 is divided by 29.
3
What is the remainder when 20 is divided by 16?
4
Calculate the remainder when 696 is divided by 210.
66
What is the remainder when 2526 is divided by 55?
51
What is the remainder when 195 is divided by 13?
0
Calculate the remainder when 90 is divided by 17.
5
What is the remainder when 1226 is divided by 52?
30
Calculate the remainder when 1021 is divided by 32.
29
What is the remainder when 108 is divided by 28?
24
What is the remainder when 4263 is divided by 89?
80
What is the remainder when 575 is divided by 6?
5
Calculate the remainder when 1846 is divided by 28.
26
Calculate the remainder when 421 is divided by 53.
50
Calculate the remainder when 101 is divided by 26.
23
What is the remainder when 110 is divided by 22?
0
Calculate the remainder when 907 is divided by 82.
5
Calculate the remainder when 304 is divided by 74.
8
Calculate the remainder when 94 is divided by 49.
45
Calculate the remainder when 385 is divided by 13.
8
Calculate the remainder when 27 is divided by 12.
3
Calculate the remainder when 1248 is divided by 7.
2
What is the remainder when 105 is divided by 33?
6
Calculate the remainder when 437 is divided by 9.
5
What is the remainder when 1316 is divided by 198?
128
What is the remainder when 6192 is divided by 38?
36
Calculate the remainder when 1140 is divided by 22.
18
Calculate the remainder when 444 is divided by 96.
60
What is the remainder when 403 is divided by 374?
29
What is the remainder when 672 is divided by 170?
162
What is the remainder when 1462 is divided by 33?
10
What is the remainder when 124 is divided by 42?
40
Calculate the remainder when 142 is divided by 70.
2
What is the remainder when 767 is divided by 77?
74
What is the remainder when 19754 is divided by 45?
44
Calculate the remainder when 1642 is divided by 38.
8
Calculate the remainder when 301 is divided by 60.
1
What is the remainder when 271 is divided by 71?
58
What is the remainder when 1541 is divided by 129?
122
Calculate the remainder when 5037 is divided by 36.
33
What is the remainder when 659 is divided by 329?
1
What is the remainder when 270 is divided by 59?
34
What is the remainder when 5110 is divided by 142?
140
What is the remainder when 70 is divided by 33?
4
Calculate the remainder when 1423 is divided by 31.
28
What is the remainder when 1678 is divided by 54?
4
Calculate the remainder when 1195 is divided by 64.
43
What is the remainder when 3259 is divided by 76?
67
Calculate the remainder when 1363 is divided by 62.
61
Calculate the remainder when 480 is divided by 54.
48
Calculate the remainder when 1288 is divided by 1243.
45
What is the remainder when 180 is divided by 40?
20
What is the remainder when 134 is divided by 15?
14
Calculate the remainder when 3020 is divided by 48.
44
Calculate the remainder when 16 is divided by 11.
5
What is the remainder when 1305 is divided by 647?
11
What is the remainder when 39 is divided by 22?
17
Calculate the remainder when 349 is divided by 102.
43
What is the remainder when 8837 is divided by 17?
14
Calculate the remainder when 58 is divided by 33.
25
What is the remainder when 25 is divided by 2?
1
Calculate the remainder when 141 is divided by 73.
68
Calculate the remainder when 231 is divided by 79.
73
What is the remainder when 254 is divided by 86?
82
Calculate the remainder when 1187 is divided by 29.
27
Calculate the remainder when 44 is divided by 25.
19
What is the remainder when 3361 is divided by 472?
57
Calculate the remainder when 15357 is divided by 26.
17
Calculate the remainder when 147 is divided by 14.
7
Calculate the remainder when 195 is divided by 170.
25
Calculate the remainder when 688 is divided by 314.
60
Calculate the remainder when 8428 is divided by 136.
132
Calculate the remainder when 214 is divided by 18.
16
Calculate the remainder when 177 is divided by 18.
15
What is the remainder when 10655 is divided by 52?
47
What is the remainder when 169 is divided by 102?
67
Calculate the remainder when 100 is divided by 46.
8
What is the remainder when 173 is divided by 52?
17
What is the remainder when 106 is divided by 53?
0
Calculate the remainder when 140 is divided by 8.
4
Calculate the remainder when 338 is divided by 43.
37
What is the remainder when 312 is divided by 21?
18
Calculate the remainder when 876 is divided by 215.
16
Calculate the remainder when 171 is divided by 54.
9
What is the remainder when 356 is divided by 14?
6
What is the 